eatest common divisor of w and n.
15
Suppose -85 = -4*m + 27. Let j = m + -42. Let z be 78/8 - j/56. What is the greatest common divisor of z and 100?
10
Let f(w) = -w**2 + 29*w - 128. Let t be f(21). Calculate the highest common factor of 25 and t.
5
Let s(f) = f**2 - 2*f - 7. Let a be s(8). Suppose a = 4*q - 19. Calculate the highest common divisor of q and 10.
5
Suppose -p = -20 + 2. Let z be (-2)/(-6) - (2 + (-164)/3). Suppose 5*a - 22 = 5*d + z, 0 = -5*a + d + 63. Calculate the greatest common divisor of a and p.
6
Suppose 11*y - 4 = 7*y, 5*y = -o + 2194. What is the greatest common divisor of o and 11?
11
Suppose -126 = -3*a - 540. Let n = a + 151. What is the highest common divisor of n and 104?
13
Let j = 119 + -105. Let b(d) = -d**3 + 15*d**2 - 11*d + 3. Let r be b(j). Calculate the greatest common factor of r and 45.
45
Suppose -4*y = -7*y - 57. Let l = y + 21. Suppose 3*h = -l*h - 3*g + 537, -4*h + 431 = g. What is the highest common factor of 27 and h?
27
Let t(s) = s + 5. Let w be t(-5). Suppose w*m + 5*m = 15. Suppose -m*u - 15 = -7*u + 3*a, -3*u + 2*a + 12 = 0. Calculate the greatest common factor of u and 4.
2
Suppose -3*w + 24 = w. Let t be ((-3)/1)/(4/((-960)/9)). Suppose -w*q + t = -q. What is the highest common factor of 16 and q?
16
Let k be (1 + 7)/(1/29). Suppose 32 = o - 4*n, 2*n = 8*o - 3*o - k. Calculate the greatest common factor of 32 and o.
16
Suppose 0 = -122*s + 3499 + 7481. Calculate the greatest common divisor of 3330 and s.
90
Let w = 83 - 83. Let r be (-96)/(w - 2)*(-20)/(-12). Calculate the greatest common divisor of 120 and r.
40
Let z = 40 + -8. What is the greatest common divisor of z and 32?
32
Let m = 203 + -177. Calculate the highest common divisor of 286 and m.
26
Suppose 9*w - 12*w = -360. Suppose -58 = -2*b + 38. Calculate the highest common factor of w and b.
24
Let c = -44 - -8. Let s = -9 - c. What is the highest common factor of 27 and s?
27
Suppose 5*g - w - 4841 = 0, 4*g + 10*w - 3872 = 11*w. What is the greatest common divisor of 102 and g?
51
Suppose -5*u = -3*u - 18. Let n(g) = -u - 6 + 12 - 10*g. Let c be n(-2). Calculate the highest common factor of 136 and c.
17
Suppose 19 = -3*j - 5. Let k be 12/(-3)*(-326)/j. Let u = -58 - k. What is the greatest common divisor of u and 42?
21
Suppose 3*f + 24*x - 26*x - 47 = 0, -2*f + 4*x = -26. Suppose 3*n - 25 - 79 = 2*u, 72 = 2*n - 4*u. Calculate the highest common divisor of f and n.
17
Let s(x) = -x + 16. Let l be s(12). Suppose 0 = -n - l*n + 2*b + 14, n + 8 = 4*b. Calculate the greatest common divisor of 52 and n.
4
Let f be (-1 - -2)/(12/276). Calculate the highest common factor of f and 1127.
23
Let x(v) = 196*v**2 + 26*v + 1. Let t be x(-1). Calculate the highest common factor of t and 114.
57
Let y(w) be the third derivative of -w**5/60 - 5*w**4/12 + w**3/6 - 9*w**2. Let c be y(-8). Calculate the greatest common divisor of 68 and c.
17
Suppose 36*t + 4 = 5404. What is the highest common divisor of t and 375?
75
Suppose 14*f - 12*f = 64. Calculate the greatest common divisor of 64 and f.
32
Let g(q) = 7*q**3 + 3*q**2 - 2*q - 1. Let c be g(2). Suppose 198*a - 204*a = -42. What is the greatest common divisor of c and a?
7
Let r be 11 - 10 - 14*1. Let b = r - -19. Suppose -x - 5 = -b. Calculate the greatest common divisor of x and 1.
1
Suppose 13*a = 5*g + 9*a - 1541, -5*a = -4*g + 1240. What is the greatest common divisor of 5 and g?
5
Let a be (55/4)/(-5 - (-123)/24). What is the greatest common divisor of 44 and a?
22
Let z = -44 - -46. Suppose 0 = 5*l + z*s + 2*s - 108, 0 = l + 3*s - 26. Calculate the highest common divisor of l and 5.
5
Let p be (-140)/105 - (-244)/3. Calculate the greatest common divisor of p and 64.
16
Let t = 4 + 0. Let p be -14 - t/(12/9). Let i be 0 + 1 - 1 - p. Calculate the greatest common divisor of 68 and i.
17
Suppose 22 = 3*h + 4. Suppose -h*c = -281 - 409. What is the highest common divisor of 23 and c?
23
Let o(g) = 6 + 8 + 7 - 3*g + g. Let f be o(-7). What is the highest common factor of f and 70?
35
Let a(c) = -4*c**2 - 3*c + 4. Suppose 3 = -3*f + 15. Let w be a(f). Let z be w/60*(1 - 76). Calculate the highest common divisor of z and 15.
15
Suppose -14 - 10 = -3*h. Let f be 2*4/h*(7 - 3). Calculate the highest common divisor of f and 28.
4
Let a be (-9029)/(-6) - (-335)/(-402). Calculate the highest common factor of a and 64.
32
Let g be 4 + -6 + 8 + 1/1. Let c = 14 + g. Calculate the greatest common factor of 7 and c.
7
Suppose -3*l - l - 15 = 3*y, 5*l = 3*y + 15. Suppose -3*p + 16 + 128 = l. Let x = -40 + p. What is the highest common factor of x and 56?
8
Let m = 93 + -86. Let g be 2/(-8) - (-61)/4. Let x be ((-35)/g)/(2/(-24)). Calculate the greatest common factor of m and x.
7
Let f(j) = j + 11. Let b be (-9)/(-2)*56/42. Let i be f(b). What is the greatest common factor of i and 136?
17
Let a = -196 - -346. Calculate the highest common factor of a and 525.
75
Let m = 113 + -89. Suppose 5*t - 2*t - 321 = 0. Suppose -3*x - 3*f + t = -22, 2*x - 3*f = 111. Calculate the greatest common divisor of x and m.
24
Let a = 1624 - 1096. Calculate the highest common divisor of 48 and a.
48
Let r(a) = a**2 + 3*a - 2. Let l be r(-4). Calculate the greatest common factor of l and 58.
2
Suppose -4*h + 2*h + 34 = 0. Suppose 0 = -4*o + 20, -2*o + 3 - 5 = 3*l. Let i be -2*-1*(-102)/l. Calculate the greatest common factor of h and i.
17
Let a be 9/36*36 + 8. What is the greatest common divisor of 2941 and a?
17
Let h = -57 - -60. Let j be 2/h*(356 + 22). What is the highest common factor of 36 and j?
36
Let z = 130 - 91. Let s be (-713)/(-186) - (10/(-12))/5. Let x be (-8 + -5)*s/(-4). What is the highest common factor of z and x?
13
Let f be (-4682)/(-13) + (-14)/91. What is the greatest common divisor of f and 90?
90
Let t = 129 + -114. Calculate the greatest common factor of 55 and t.
5
Suppose -4*q + c + 2*c + 129 = 0, 2*q = -4*c + 70. What is the greatest common divisor of 484 and q?
11
Let q(d) = 1 + 19*d**2 + 7*d - 3*d - 6*d**2. Let a be q(3). Calculate the greatest common factor of a and 10.
10
Suppose 29*u = 5*u + 360. Let d(s) = -25*s. Let j be d(-3). What is the highest common factor of j and u?
15
Let w be -32 + 4/(1 - 0). Let q be (-7)/w + 43/4. What is the highest common factor of 55 and q?
11
Suppose -2*q = -w - 19, 3*w = 2*q - 17 - 4. Let n be (9 + -7)/((-116)/(-36) + -3). What is the highest common divisor of n and q?
9
Suppose -3*y + 0*y + 2*q + 49 = 0, -2*q = -2. Suppose 0 = -5*d + 781 - 521. Let p = d - y. What is the highest common factor of p and 280?
35
Let j = -248 - -263. Let i(c) = -20*c**3 + 2*c**2 + 2*c + 1. Let u be i(-2). Calculate the highest common factor of u and j.
15
Let z = 6 - 2. Suppose -z*x + 2*b = -78, -46 = -5*x - 5*b + 44. What is the highest common divisor of x and 171?
19
Let d(r) = 4*r - 6. Let g be d(10). Let n = g + -29. What is the greatest common factor of 30 and n?
5
Suppose 4*f = -5*r + 89, -f - 3*f - 4*r = -92. What is the greatest common divisor of f and 26?
26
Let j be 6*(-6 - (120/(-9) - -5)). Calculate the greatest common divisor of 21 and j.
7
Suppose 4524 = 24*r - 4980. Calculate the highest common divisor of r and 88.
44
Suppose 0 = -z - 2*z + 9. Suppose -w + 15 = 4*o, z*w + 25 = o - w. Suppose 3*p - o = -2*p. What is the greatest common factor of 5 and p?
1
Suppose 22 = -4*s - 14. Let w be 60/27 - (-2)/s. Suppose w*q - 96 = -2*q. What is the highest common divisor of 6 and q?
6
Let l = 21 - -12. Let h be ((-56)/(-21))/(1/l). What is the greatest common divisor of 22 and h?
22
Let s = 4 - 2. Let r be 12 - 3 - s/(-2). Let f be 22 + 3 + 1 + (2 - 3). What is the greatest common factor of f and r?
5
Let j = -3 - -5. Suppose 0 = -4*y + j + 26. Let g = 78 + -50. What is the greatest common factor of y and g?
7
Let y be 2 + (0 - (1 + -7)). Suppose 11*i = y*i + 54. Suppose 8*t - i = 7*t. Calculate the greatest common factor of t and 90.
18
Let k(x) = -2*x**3 - x**2 + x + 10. Let h be k(-3). Let f(s) = -s + 20. Let r be f(7). What is the greatest common factor of h and r?
13
Let g(y) = 3*y - 1. Let v be g(5). Let w be (-8 + (-14)/(-2))*(-68 + -2). What is the greatest common factor of v and w?
14
Let m(i) be the third derivative of i**6/120 - i**5/15 + i**4/12 + 13*i**